 base 15
9e78
What is -15e (base 16) in base 15?
-185
4869 (base 11) to base 6
45251
-345 (base 14) to base 3
-220001
-143022 (base 6) to base 2
-11010100110110
Convert -155 (base 9) to base 13.
-a1
26b (base 13) to base 15
1d7
Convert cd5 (base 14) to base 11.
19a9
-2433 (base 5) to base 11
-305
What is -2144 (base 7) in base 9?
-1042
What is -1221000 (base 3) in base 16?
-57c
What is -102502 (base 6) in base 14?
-30b4
37741 (base 9) to base 15
77ca
-12024 (base 7) to base 14
-11bb
What is 192 (base 13) in base 16?
120
14101 (base 5) to base 4
101333
Convert 1013 (base 5) to base 6.
341
What is 1255c (base 13) in base 10?
33877
-120202122 (base 3) to base 8
-26344
Convert 42 (base 16) to base 4.
1002
Convert 59a (base 11) to base 13.
42c
What is 2301 (base 9) in base 12?
b9a
Convert 17340 (base 8) to base 14.
2c48
What is 4443 (base 15) in base 11?
a959
What is -3021301 (base 4) in base 7?
-52435
-1025 (base 10) to base 3
-1101222
Convert 1102110022 (base 3) to base 10.
28034
1b (base 12) to base 10
23
11110100111100 (base 2) to base 12
90a4
-12322030 (base 4) to base 15
-85ba
What is -28c (base 15) in base 13?
-35a
30c8 (base 16) to base 2
11000011001000
Convert -4838 (base 11) to base 6.
-45153
What is 4334 (base 9) in base 16?
c76
What is 1c5d (base 15) in base 8?
14023
-3800 (base 10) to base 16
-ed8
Convert 133351 (base 6) to base 3.
122002011
What is 1423 (base 6) in base 9?
456
What is 686 (base 13) in base 7?
3164
320 (base 11) to base 12
281
d94 (base 15) to base 5
44224
Convert 3c4 (base 15) to base 4.
31123
Convert -608 (base 11) to base 3.
-1000012
What is 13134 (base 5) in base 16?
414
469 (base 10) to base 14
257
274 (base 8) to base 3
20222
Convert -2f1 (base 16) to base 5.
-11003
Convert -294 (base 12) to base 6.
-1504
Convert -30106 (base 8) to base 2.
-11000001000110
What is 1111100110011110 (base 2) in base 7?
354206
What is 120022 (base 3) in base 2?
110011101
104250 (base 6) to base 8
21046
What is -3758 (base 9) in base 12?
-175b
484 (base 16) to base 12
804
What is 29944 (base 12) in base 9?
88057
Convert -2a65 (base 12) to base 15.
-1718
What is 168 (base 14) in base 12?
200
Convert 4a8 (base 14) to base 2.
1110100100
What is -19854 (base 10) in base 6?
-231530
-3108 (base 9) to base 13
-1061
Convert -716 (base 13) to base 15.
-552
f8 (base 16) to base 12
188
Convert 5076 (base 13) to base 14.
4078
What is 4c2 (base 14) in base 10?
954
What is -15b8 (base 12) in base 5?
-40323
-36463 (base 8) to base 12
-9097
-608 (base 12) to base 11
-723
What is 22821 (base 9) in base 13?
6c2b
Convert -2212032 (base 4) to base 12.
-61a6
10001122100 (base 3) to base 8
165526
Convert -5149 (base 11) to base 3.
-100100221
1341 (base 5) to base 16
dd
Convert 2002120 (base 3) to base 5.
22102
306 (base 7) to base 10
153
Convert -297 (base 12) to base 5.
-3103
Convert 165e7 (base 15) to base 12.
35961
-618 (base 14) to base 3
-1122101
1a2 (base 11) to base 9
278
Convert 15521 (base 8) to base 10.
6993
Convert -33 (base 5) to base 12.
-16
-1769 (base 13) to base 6
-24015
Convert -123502 (base 8) to base 3.
-2011201212
What is -111773 (base 8) in base 13?
-14321
Convert 22768 (base 9) to base 7.
62225
482d (base 14) to base 15
3ae0
1b7 (base 14) to base 5
2412
Convert 1525 (base 15) to base 11.
3453
Convert 10420 (base 5) to base 11.
609
Convert -4636 (base 9) to base 6.
-23523
Convert 19c0 (base 14) to base 5.
122201
What is 380 (base 14) in base 4?
22330
Convert -cb02 (base 14) to base 7.
-204202
What is -111 (base 6) in base 12?
-37
What is 11410 (base 5) in base 6?
3543
What is -32103 (base 4) in base 13?
-555
Convert -2259 (base 12) to base 9.
-5206
Convert -2323220 (base 4) to base 12.
-6b48
Convert 668 (base 14) to base 8.
2364
-2b06 (base 15) to base 11
-6a32
Convert 101111001011 (base 2) to base 9.
4124
-112010220 (base 3) to base 15
-30c6
Convert -2160 (base 9) to base 6.
-11213
Convert -2121101 (base 3) to base 15.
-86a
Convert 9a (base 15) to base 7.
265
Convert 8831 (base 9) to base 16.
196c
-11001011011 (base 2) to base 11
-124a
What is -1012313 (base 4) in base 12?
-275b
8223 (base 15) to base 10
27483
Convert 1100110110 (base 2) to base 8.
1466
What is -699b (base 12) in base 5?
-334113
What is -11212 (base 4) in base 11?
-2a6
121121 (base 3) to base 11
378
Convert -6343 (base 7) to base 11.
-1753
1199 (base 13) to base 7
10160
-170 (base 12) to base 3
-22110
2440030 (base 5) to base 8
132271
-280 (base 13) to base 4
-12322
What is -43585 (base 9) in base 8?
-70361
-135 (base 13) to base 4
-3111
What is 2540 (base 6) in base 14?
336
What is -2c9 (base 13) in base 7?
-1316
Convert 36407 (base 8) to base 4.
3310013
Convert -4534 (base 6) to base 16.
-42a
-434233 (base 5) to base 14
-5635
Convert 1102031 (base 5) to base 13.
886a
What is -3d67 (base 15) in base 11?
-9972
Convert -c461 (base 14) to base 2.
-1000010000000101
-188a0 (base 12) to base 9
-54133
What is 111011011001 (base 2) in base 6?
25333
Convert 332 (base 9) to base 2.
100010000
What is 19a (base 15) in base 9?
451
Convert -cd (base 14) to base 3.
-20201
Convert 25544 (base 6) to base 13.
19c6
Convert 8417 (base 15) to base 2.
110110100010010
Convert 5c5 (base 14) to base 5.
14103
-11a4 (base 11) to base 14
-7dc
What is 10518 (base 10) in base 11?
79a2
-655 (base 8) to base 15
-1d9
Convert 13351 (base 7) to base 6.
24421
-10788 (base 10) to base 2
-10101000100100
Convert -2de (base 16) to base 2.
-1011011110
Convert -2141204 (base 5) to base 13.
-13b34
What is -10550 (base 14) in base 2?
-1001101000101010
Convert 4354 (base 8) to base 16.
8ec
What is -2999 (base 10) in base 3?
-11010002
579 (base 14) to base 3
1111021
4a68 (base 12) to base 16
20f0
What is -616 (base 10) in base 8?
-1150
Convert 100 (base 12) to base 15.
99
What is -20140 (base 6) in base 16?
-a5c
-307a (base 11) to base 12
-2440
What is 3310 (base 5) in base 16?
1c7
What is 1100222 (base 3) in base 14?
514
What is 29a (base 16) in base 13?
3c3
2724 (base 8) to base 11
1137
What is 14113 (base 8) in base 3?
22112100
What is 143366 (base 7) in base 13?
c76a
Convert 37042 (base 11) to base 7.
311232
Convert -12421 (base 6) to base 9.
-2524
Convert 1460 (base 13) to base 6.
21355
What is -897 (base 13) in base 3?
-2000200
7123 (base 11) to base 9
13874
1d06 (base 15) to base 4
1202202
What is -1130111 (base 4) in base 2?
-1011100010101
-2049 (base 16) to base 7
-33045
-3013031 (base 5) to base 16
-bb13
What is 3232 (base 6) in base 14?
3ac
Convert 205 (base 11) to base 10.
247
Convert 30201302 (base 4) to base 3.
2121101112
Convert 3224 (base 5) to base 6.
2011
736 (base 11) to base 15
3e1
Convert 12264 (base 7) to base 14.
126b
Convert -1c2a (base 14) to base 2.
-1010000001110
1352 (base 7) to base 2
1000001111
What is -13413 (base 6) in base 15?
-94c
Convert -1666 (base 8) to base 13.
-581
-68fd (base 16) to base 14
-9b1b
-9217 (base 11) to base 13
-5756
What is -1410 (base 6) in base 16?
-16e
What is 15422 (base 10) in base 4?
3300332
-1f0 (base 16) to base 12
-354
What is -1123 (base 4) in base 15?
-61
-39a (base 15) to base 9
-1111
2d6 (base 14) to base 4
21010
-177 (base 12) to base 14
-12b
What is -1b42 (base 15) in base 6?
-43212
Convert -1242330 (base 5) to base 7.
-132025
What is -4a4 (base 11) in base 8?
-1126
Convert -a85b (base 12) to base 9.
-27338
What is 261e (base 15) in base 11?
6120
Convert 6b (base 15) to base 6.
245
875 (base 9) to base 14
392
What is -11222 (base 3) in base 16?
-86
Convert -642 (base 11) to base 16.
-304
What is -664 (base 10) in base 12?
-474
What is 194a (base 11) in base 9?
3348
What is -254 (base 9) in base 14?
-111
What is -35a4 (base 15) in base 2?
-10110010001100
What is -8a95 (base 12) in base 15?
-4852
Convert -425 (base 12) to base 4.
-21131
Convert -967 (base 16) to base 3.
-10022011
What is 7388 (base 10) in base 4?
1303130
-6483 (base 10) to base 14
-2511
Convert -4 (base 5) to base 2.
-100
What is -111101110 (base 2) in base 11?
-40a
-12102 (base 4) to base 11
-336
What is 4888 (base 12) in base 5?
230133
1046 (base 12) to base 13
a71
-211222 (base 3) to base 8
-1154
616 (base 9) to base 13
2c7
19 (base 16) to base 9
27
What is 1547a (base 11) in base 9?
32886
Convert -46c6 (base 14) to base 5.
-343301
What is -30 (base 7) in base 16?
-15
What